e 25*o - 10 = 30*o. Let f(b) = 21*b**2 + 4*b + 3. Is f(o) a prime number?
True
Suppose 4*f - 8 = 0, -3*o + 5*o = 2*f. Suppose -2*n + 441 = -0*n - 5*l, -447 = -o*n - l. Is n prime?
True
Is (-1)/((-109022)/(-36341) + (56 - 59)) prime?
True
Suppose -223*k = -216*k - 469. Is k prime?
True
Suppose 0 = 79*h - 84*h + 66985. Is h a prime number?
True
Suppose 8 = -5*k - 3*j - j, k + 3*j + 6 = 0. Suppose 3*o - 2*o + 680 = k. Let t = o + 1051. Is t a composite number?
True
Suppose -12 = -i + 40. Suppose 4*j = 3*x + i, 2*x + x + 2*j = -64. Is 6/(-15) + (-1188)/x composite?
False
Let s(q) be the first derivative of -9*q**2 + 5*q - 3. Let o be s(-4). Let n = o - 40. Is n a composite number?
False
Suppose -4 = -2*q - 0. Let o = q - -3. Suppose o*l - 1281 = f, 3*l + 0*f + f - 775 = 0. Is l prime?
True
Suppose -w + 5702 = 4*q, 5*q - 8*q + 4*w + 4286 = 0. Suppose q = 4*k - 2026. Is k composite?
False
Let o be 3/3*(-2)/(-1). Suppose -o*x = -1240 + 354. Is x a composite number?
False
Let q(w) = -3*w - 22. Let g be q(-11). Suppose 459 = 5*m - g. Is m a prime number?
False
Let r(z) = 584*z - 1. Let h(v) = -v**2 - 12*v - 13. Let n be h(-10). Let c be 16/14 + (-1)/n. Is r(c) a composite number?
True
Suppose 4*l - 4 = 0, 0*l = 4*q + l - 693. Suppose -2*d - 7 = -q. Is d composite?
False
Suppose -10 = -5*g, 0*g + 4*g - 8 = 5*j. Suppose -2*f - 5*p = -314 - 133, 3*f - 5*p - 608 = j. Is f a composite number?
False
Suppose 7*a - 5*a = 10. Let n(c) = c**3 - 6*c**2 + 9*c - 13. Is n(a) composite?
False
Let j = 19 + -13. Let b(n) = 36*n + 7. Let m(o) = -73*o - 15. Let k(h) = j*m(h) + 13*b(h). Is k(1) a prime number?
True
Let q be (9/(-6))/((-15)/20). Suppose -q*x - 2*x + 4292 = 0. Is x composite?
True
Let f(d) = 16*d**2 + 13*d - 10. Let o be f(-7). Suppose 0 = 16*n - 17*n + o. Is n prime?
True
Let i(g) = 6060*g**3 - 8*g**2 + 4*g + 1. Is i(2) a prime number?
False
Suppose 2*t - 3*z + 5 = 3*t, 0 = 4*t + 3*z - 11. Let v(p) = 652*p**3 - 4*p**2 - 4*p + 5. Is v(t) composite?
False
Suppose -10*z + 5*z - 4*f + 33651 = 0, 4*z - 26920 = -4*f. Is z prime?
False
Suppose 5*u - w + 14 + 31 = 0, 4*u = -2*w - 22. Is (-4)/(u/(-131))*-6 prime?
False
Let n = -143 - -223. Suppose 75*r + 21865 = n*r. Is r a composite number?
False
Let d = 13 - 14. Let b(w) = -w**3 - w**2 + 1. Let j be b(d). Let y(x) = 78*x**2 - 2*x + 1. Is y(j) prime?
False
Is 4787/(-24)*-98 + (-18)/(-216) composite?
True
Suppose 4*r - 6*r = 14. Is (r*(0 - 1))/(6/2382) prime?
False
Let w = -95 + 92. Is (69/15)/((-12)/20)*w a composite number?
False
Let a(j) be the second derivative of 11*j**3/6 - 5*j**2/2 - 13*j. Is a(14) composite?
False
Let i = -1 - -10. Let j = i + -2. Is -3 + j + -2 - -161 a prime number?
True
Suppose -12 - 9 = 2*w - c, 4*w + 51 = -c. Let z(x) = 3*x + 30. Let t be z(w). Is 134*((-9)/t - 1) a composite number?
False
Let n(i) = -2*i**3 + 8*i + 10. Let v be n(-5). Let d = -212 + 103. Let b = v + d. Is b prime?
False
Suppose -8 = -4*r, 0 = 2*v - r + 2*r - 312. Suppose -266 = -f + v. Suppose 3*l - 2*t - 588 = f, 0 = l - t - 336. Is l prime?
True
Suppose 0 = -6*p - 238 + 82. Is p/(-8) + -3 + (-4694)/(-8) prime?
True
Let p = -5136 - -8957. Is p prime?
True
Let d(t) = 2318*t**2 + 4*t + 13. Is d(-2) a prime number?
True
Suppose 344 + 368 = m. Let t = m - 205. Let j = -344 + t. Is j a prime number?
True
Let o = 449 - 3101. Let q = 5731 + o. Is q a composite number?
False
Let b be 51*(-4)/(-36)*15. Let t be ((-28)/10)/(1/10). Let l = b + t. Is l composite?
True
Let c(f) = 2*f**2 + 6*f - 13. Let i(v) = -2*v**2 - 6*v + 12. Let w(m) = -5*c(m) - 6*i(m). Let h be w(-7). Let l = h - -132. Is l a prime number?
True
Suppose -684 = 3*x - 3*f, 4*x = -5*f - 77 - 817. Is 9/6 + x/(-4) prime?
False
Suppose p + 1019 = 2*p. Suppose d = 68 - p. Let n = 2344 + d. Is n a composite number?
True
Let s(n) = 1 - 188*n + 7 + 37*n + 2. Let l(j) = -j**2 - j - 2. Let q be l(-2). Is s(q) composite?
True
Let a = -36 - -26. Let l be (a/(-8))/((-15)/(-9960)). Is l/14 - (-10)/(-35) a prime number?
True
Suppose 5*x = 1413 + 22. Suppose 5*h = x + 6058. Let k = 2228 - h. Is k composite?
True
Let z(l) be the second derivative of -9*l**5/10 + l**4/6 + 2*l**3/3 + 5*l**2/2 - 3*l. Is z(-2) composite?
False
Suppose x + 4193 = 4*x + 2*v, 4*x - 5604 = 4*v. Is x a composite number?
False
Suppose -19*y + 248869 = -559258. Is y composite?
False
Let h be (2/(-6))/(3/(-45)). Suppose 323 + 662 = h*x. Let c = x + -54. Is c a composite number?
True
Let j(z) = 11*z**3 + 11*z**2 + 9*z - 2. Let v(l) = -7*l**3 - 7*l**2 - 6*l + 1. Let t(m) = 5*j(m) + 8*v(m). Let f be t(-2). Is ((-316)/(-8))/(4/f) composite?
False
Let v(r) = 13*r**2 - r + 14. Let z(o) = -40*o**2 + 2*o - 41. Let d(n) = -8*v(n) - 3*z(n). Is d(-5) a composite number?
False
Let p be (2 - 3)*87/(-3). Let a be (-28)/126 + p/9. Suppose -t - a*b = -80, 0*b + 333 = 4*t - b. Is t composite?
False
Suppose 2*t = 5*t - 18. Let d be (-30)/9*t/(-5). Suppose 16 = 4*l, d*l = -4*z - 0*l + 524. Is z prime?
True
Let n = -257 - -349. Let u be 6/((12/(-202))/(-3)). Let p = u - n. Is p composite?
False
Let o be (3 + -1 - 6)/(-2). Let s be (-7)/(-2)*(-48)/(-56). Suppose -s*h - o*h = -1070. Is h composite?
True
Let g(b) = 3*b - 6. Let h = 4 - 1. Let v be g(h). Is (-19)/(v*(-3)/18) prime?
False
Let b(n) = -50*n - 2. Let o be b(4). Let j = o - -455. Is j composite?
True
Is ((-336)/(-224))/(3/(-23602)*-1) a prime number?
True
Is (-1 - -3)/(-4 + 14190/3547) a prime number?
True
Let q be (-1)/(-6) - (7 + (-104)/(-48)). Let l(s) = -4*s - 13. Is l(q) composite?
False
Let f = 627 + 2372. Is f a composite number?
False
Let g be 2 + -4 + 1 - 0. Let w be 4/(-16)*g*1124. Suppose -3*d = -256 - w. Is d a prime number?
True
Suppose 0 = -17*m + 12*m - 4*f + 95533, -4*f - 76412 = -4*m. Is m prime?
False
Let d = 4766 + -408. Is d a prime number?
False
Let b = -1174 + 4551. Is b composite?
True
Let u be 24/6*(-7)/(-4). Suppose 0 = 3*g + u - 370. Is g a prime number?
False
Suppose 0 = -3*l + 5*w + 4108, -l - l + 2737 = -3*w. Let g = l - -76. Is g a prime number?
False
Let u = -12707 + 21045. Suppose 2*w = 2*l - 2*w - u, w = l - 4173. Is l composite?
False
Suppose -10*d = -2*d - 2136. Suppose -3*x = -5*x. Suppose x = l - 4*l + d. Is l composite?
False
Suppose -z + 5*z + 3*s - 18827 = 0, 5*z - 23533 = -4*s. Is z a prime number?
False
Let f(x) = x**2 + x - 7. Let d be f(-18). Let k = d - 172. Is k composite?
False
Let m(i) be the first derivative of i**3 - 11*i**2/2 + 41*i + 14. Is m(12) a prime number?
False
Suppose 18 + 3 = 7*k. Suppose 8*h - k*h - 1675 = 0. Is h a composite number?
True
Suppose -5*u = -0*u + 3*h + 14, 0 = -u - 5*h - 16. Is (-88)/(-2)*(u - (-213)/12) a prime number?
False
Let i(s) = 2*s**2 - 4*s - 2. Let n be i(5). Suppose -5*x - 16 = -2*p + 26, 2*x - 60 = -4*p. Is (n/6)/(p/24) composite?
False
Suppose -2*r + 214 = -2*s, 0*r - 5*s - 428 = -4*r. Suppose i - 30 = -r. Is 4/4 + -4 - i prime?
False
Let c = 36 - 36. Let w(z) = z**2 + z + 7. Is w(c) prime?
True
Let y be (1 + -1)/(3 + -5 + 4). Suppose y = 54*z - 59*z + 4090. Is z prime?
False
Let p = 2 - 10. Let d be p + 6 + -1*8. Is 1 + -3 + -1 - d a composite number?
False
Suppose 5*g - 143 = 97. Let l = g + 6. Suppose 2*i - l = -r + 45, -2*i - 83 = -r. Is r prime?
False
Suppose 0 = -2*b + 2*r, 2*b - r = 3*b. Suppose 5*h + b*h - 10 = 0. Is 3/(-12)*-70*h composite?
True
Suppose -5*y = -2*q + 58833, -5*q + y = -131895 - 15153. Is q composite?
True
Let f = 55887 + -31582. Is f a prime number?
False
Suppose 3*u + 2*t + 0*t - 9938 = 0, -2*t = 5*u - 16566. Suppose -u = -11*l + 2879. Is l a prime number?
True
Let a = -2055 + 1143. Let c = a - -2647. Is c a prime number?
False
Is (68/(-102))/((-4)/49722) composite?
False
Let m(d) = 6*d + 9*d**3 - 5 - 8*d**2 - 1 + 7*d**3. Let w(k) = -15*k**3 + 7*k**2 - 5*k + 5. Let r(p) = -4*m(p) - 5*w(p). Is r(2) prime?
False
Let j(d) = -2*d**3 + 7*d**2 + 18*d - 16. Let a be (-356)/28 + (-2)/7. Is j(a) a prime number?
False
Let y = -6742 + 3016. Let v = y - -5363. Is v a prime number?
True
Is -4 - (6 - 1 - 4418) prime?
True
Let n(h) = -2*h**2 + 42*h - 32*h - 25*h + 7. Let i be n(-8). Is 2 - i - (-9)/3 a composite number?
True
Let n(u) = -u**3 + u - 1. Let s(q) = -q**3 - 11*q**2 + 13*q - 16. Let h(t) = -4*n(t) + s(t). Is h(7) a composite number?
False
Let p(b) = 24*